82 is divided by 49?
30
Calculate the remainder when 17148 is divided by 1610.
1048
Calculate the remainder when 19931 is divided by 6556.
263
What is the remainder when 9501 is divided by 61?
46
Calculate the remainder when 4310 is divided by 535.
30
What is the remainder when 4225 is divided by 233?
31
What is the remainder when 502425 is divided by 1347?
1341
What is the remainder when 51340 is divided by 7?
2
What is the remainder when 160258 is divided by 10?
8
Calculate the remainder when 110145 is divided by 402.
399
What is the remainder when 103163 is divided by 64?
59
Calculate the remainder when 18373 is divided by 58.
45
Calculate the remainder when 10957 is divided by 152.
13
What is the remainder when 597883 is divided by 1022?
13
What is the remainder when 39212 is divided by 13070?
2
What is the remainder when 13120 is divided by 12976?
144
Calculate the remainder when 14673 is divided by 2398.
285
What is the remainder when 2870 is divided by 158?
26
What is the remainder when 1427995 is divided by 204?
199
What is the remainder when 27356 is divided by 32?
28
Calculate the remainder when 8770 is divided by 2888.
106
What is the remainder when 16562 is divided by 710?
232
Calculate the remainder when 3849 is divided by 28.
13
What is the remainder when 50074 is divided by 53?
42
What is the remainder when 15046 is divided by 64?
6
What is the remainder when 8736 is divided by 8736?
0
What is the remainder when 2561 is divided by 13?
0
What is the remainder when 2825 is divided by 1312?
201
What is the remainder when 5010 is divided by 179?
177
Calculate the remainder when 1804445 is divided by 8.
5
Calculate the remainder when 24004 is divided by 6.
4
Calculate the remainder when 1266424 is divided by 266.
264
Calculate the remainder when 722529 is divided by 724.
701
What is the remainder when 55608 is divided by 45?
33
What is the remainder when 79909 is divided by 122?
121
Calculate the remainder when 31216 is divided by 1039.
46
What is the remainder when 10348 is divided by 70?
58
Calculate the remainder when 810 is divided by 241.
87
What is the remainder when 23360 is divided by 1791?
77
What is the remainder when 232141 is divided by 46423?
26
What is the remainder when 19830 is divided by 1166?
8
Calculate the remainder when 6944 is divided by 954.
266
Calculate the remainder when 2092 is divided by 1050.
1042
What is the remainder when 159601 is divided by 1140?
1
What is the remainder when 1641196 is divided by 110?
106
Calculate the remainder when 1168 is divided by 186.
52
Calculate the remainder when 21714 is divided by 1221.
957
What is the remainder when 72485 is divided by 521?
66
Calculate the remainder when 11668 is divided by 98.
6
What is the remainder when 262 is divided by 15?
7
Calculate the remainder when 66874 is divided by 49.
38
Calculate the remainder when 169660 is divided by 355.
325
Calculate the remainder when 667 is divided by 4.
3
What is the remainder when 59655 is divided by 19860?
75
Calculate the remainder when 1388218 is divided by 170.
168
What is the remainder when 80312 is divided by 105?
92
What is the remainder when 3022 is divided by 36?
34
What is the remainder when 218498 is divided by 230?
228
What is the remainder when 5129 is divided by 21?
5
Calculate the remainder when 76770 is divided by 5.
0
What is the remainder when 239841 is divided by 1325?
16
Calculate the remainder when 6063 is divided by 194.
49
What is the remainder when 95798 is divided by 200?
198
Calculate the remainder when 47294 is divided by 43.
37
Calculate the remainder when 2108877 is divided by 1044.
1041
Calculate the remainder when 32734 is divided by 111.
100
What is the remainder when 502395 is divided by 26?
23
What is the remainder when 333759 is divided by 107?
26
What is the remainder when 21763 is divided by 4349?
18
Calculate the remainder when 12289 is divided by 128.
1
What is the remainder when 18887 is divided by 6259?
110
Calculate the remainder when 3368 is divided by 190.
138
What is the remainder when 17710 is divided by 188?
38
Calculate the remainder when 258952 is divided by 164.
160
What is the remainder when 156206 is divided by 208?
206
Calculate the remainder when 7478 is divided by 107.
95
What is the remainder when 484832 is divided by 161609?
5
What is the remainder when 3616 is divided by 367?
313
Calculate the remainder when 7922 is divided by 282.
26
What is the remainder when 15430 is divided by 5138?
16
Calculate the remainder when 263273 is divided by 33.
32
Calculate the remainder when 1435 is divided by 68.
7
What is the remainder when 5598 is divided by 838?
570
Calculate the remainder when 1256 is divided by 763.
493
What is the remainder when 3850 is divided by 138?
124
What is the remainder when 8337 is divided by 7992?
345
What is the remainder when 12567 is divided by 14?
9
What is the remainder when 1554033 is divided by 122?
119
What is the remainder when 57530 is divided by 116?
110
What is the remainder when 55421 is divided by 18?
17
What is the remainder when 358765 is divided by 2201?
2
Calculate the remainder when 5942 is divided by 186.
176
Calculate the remainder when 10541 is divided by 615.
86
What is the remainder when 1293 is divided by 243?
78
Calculate the remainder when 150044 is divided by 398.
396
Calculate the remainder when 51349 is divided by 151.
9
Calculate the remainder when 6601 is divided by 2195.
16
Calculate the remainder when 4362 is divided by 44.
6
Calculate the remainder when 3004 is divided by 57.
40
Calculate the remainder when 9455 is divided by 9441.
14
Calculate the remainder when 88138 is divided by 18.
10
What is the remainder when 10026 is divided by 157?
135
Calculate the remainder when 133247 is divided by 1101.
26
What is the remainder when 5819 is divided by 712?
123
What is the remainder when 77227 is divided by 9?
7
What is the remainder when 4088 is divided by 40?
8
Calculate the remainder when 95764 is divided by 12.
4
What is the remainder when 894 is divided by 268?
90
Calculate the remainder when 73613 is divided by 3871.
64
Calculate the remainder when 451 is divided by 418.
33
Calculate the remainder when 4355 is divided by 863.
40
What is the remainder when 18295 is divided by 30?
25
Calculate the remainder when 58439 is divided by 541.
11
What is the remainder when 3037 is divided by 748?
45
Calculate the remainder when 7011 is divided by 367.
38
What is the remainder when 208797 is divided by 36?
33
What is the remainder when 1056 is divided by 179?
161
Calculate the remainder when 62277 is divided by 40.
37
Calculate the remainder when 31669 is divided by 9.
7
Calculate the remainder when 207 is divided by 129.
78
What is the remainder when 6254 is divided by 942?
602
What is the remainder when 121958 is divided by 17401?
151
Calculate the remainder when 5340 is divided by 102.
36
What is the remainder when 3788 is divided by 100?
88
What is the remainder when 14457 is divided by 15?
12
What is the remainder when 1786427 is divided by 18?
17
What is the remainder when 880647 is divided by 268?
267
Calculate the remainder when 492 is divided by 123.
0
Calculate the remainder when 4339 is divided by 1058.
107
Calculate the remainder when 12014 is divided by 90.
44
What is the remainder when 60439 is divided by 29?
3
Calculate the remainder when 20650 is divided by 78.
58
Calculate the remainder when 75915 is divided by 593.
11
Calculate the remainder when 6616 is divided by 190.
156
What is the remainder when 69455 is divided by 266?
29
Calculate the remainder when 632 is divided by 155.
12
Calculate the remainder when 217348 is divided by 54332.
20
Calculate the remainder when 4079 is divided by 1019.
3
What is the remainder when 508 is divided by 343?
165
What is the remainder when 17638 is divided by 5828?
154
Calculate the remainder when 1829 is divided by 17.
10
What is the remainder when 798 is divided by 780?
18
Calculate the remainder when 1431 is divided by 117.
27
What is the remainder when 37646 is divided by 2861?
453
What is the remainder when 5648 is divided by 1869?
41
What is the remainder when 15313 is divided by 709?
424
Calculate the remainder when 116771 is divided by 19.
16
What is t